5
Let v = -9 - -11. Let q(j) = -j + 0*j**2 + 3*j**v + 2*j**3 - 2*j - j**2 - 3. Give q(-2).
-5
Let r(g) = -2*g**2 - 10*g**3 - 2 + 3*g**2 + 11*g**3. Let f(i) = -i**2 - i + 4. Let h be f(2). Give r(h).
-6
Let h = 7 + -10. Let v(u) = -2*u**2 - 3*u - 4. Determine v(h).
-13
Let r(w) = 2 + 2*w - 4 - 2 + w**2 + 6. What is r(-4)?
10
Let g(q) = q**2 + 2*q - 2. Let a be g(-2). Let b(h) = h**2 + 5*h + 4. Let r(l) = -l**2 - 6*l - 5. Let w(v) = -7*b(v) - 6*r(v). Calculate w(a).
-4
Let x(j) = -2*j**2 - 2*j + 1. Let g = 6 + -5. Let u be (2 - g)*(7 - 6). What is x(u)?
-3
Let p(t) = -2*t + 4. Let m(x) = x - 4. Let u(z) = 3*m(z) + 2*p(z). Give u(0).
-4
Let g(j) be the first derivative of -j**2/2 + 4*j + 3. Calculate g(0).
4
Let j(d) = 2*d - 2. Let f(y) = -1. Let m(a) = 3*f(a) + j(a). Calculate m(5).
5
Suppose 8*k - 3*k = 0. Suppose k*v + 2*v + 2 = 0. Let l(m) = -4*m - 1. Determine l(v).
3
Let s = 11 - 17. Let f(m) = m**3 + 7*m**2 + 5*m - 4. Give f(s).
2
Let p(w) = w**3 - 4*w**2 + 2*w + 2. Suppose -6*r + r + 20 = 0. Let c(q) = -4*q + r*q**2 - q**2 + 2*q**2 + 3 - 3*q**2. Let o be c(2). What is p(o)?
-1
Suppose 5*m - m - 18 = -2*g, 4*m = 5*g - 17. Let c(q) = 1 - 3*q**m + q**3 + 3*q**2. Calculate c(-1).
0
Let w(s) = -s + 8. Let n(x) = -x + 7. Let h(b) = -7*n(b) + 6*w(b). Let d(i) be the first derivative of i**2 - 6*i + 2. Let g be d(5). Determine h(g).
3
Let y(r) be the first derivative of -r**4/4 + 2*r**3 - 5*r**2/2 - r + 32. Give y(5).
-1
Let y = -7 + 12. Let f be (y + -1)*(-14)/4. Let c = 8 + f. Let w(h) = 2*h + 8. What is w(c)?
-4
Let c(q) = -3 + 4 + 1 + 5*q**2 - 2*q - q**3. Let p(u) = -u**2 + 18*u - 27. Let o be p(16). Determine c(o).
-8
Let h(v) = -v + 1. Let t(f) = -1. Let o(u) = h(u) + 2*t(u). Determine o(-5).
4
Let l(j) = 2*j + 6. Let x be (8/(-3))/((-10)/15). Suppose 2*q - 12 = x*q. What is l(q)?
-6
Let y(m) = m**3 - m**2 - 4. Let b = 17 - 11. Suppose 2*g - b = 3*x, -5*g + 0*x + 2 = -x. Determine y(g).
-4
Suppose f - 2*l = 7, f + 3*l = 2*l + 13. Let r = f - 9. Let m(s) = -3*s**2 + 1. Determine m(r).
-11
Let k = -12 + 7. Let w(z) = -z**2 - 6*z - 5. Let l be w(k). Let o(r) = -r**2 - r + 4. What is o(l)?
4
Let i(b) be the first derivative of b**2 - 8*b + 10. Determine i(6).
4
Let c(j) be the first derivative of j**2/2 + j + 17. What is c(5)?
6
Let a(g) = 4*g - 49. Let h be a(11). Let m(c) = -c**2 - 10*c - 3. Determine m(h).
22
Let t(j) = 5*j + 1. Let n(b) = b - 4. Let l be n(1). Give t(l).
-14
Let i(v) = 2*v**2 - 9*v - 1. Let b(f) = f**2 - f. Let w(p) = 3*b(p) - i(p). Calculate w(-7).
8
Let j(r) = r**2 - 7*r - 8. Suppose 0 = 4*h - 5*s - 19, 4*h + 3*s - 19 = 8. Determine j(h).
-14
Let w(k) = k**3 + 5*k**2 + 4*k + 3. Let j(m) = m**3 + m**2 - m - 4. Let x be (4 - 6) + 0 + 2. Let d be j(x). Let h be w(d). Let q(v) = v**2 - v. Give q(h).
6
Let u(c) = -c + 2. Let m(i) = -2*i + 0*i + 3*i - 7. Let o be m(5). Let z(l) = -3*l - 1. Let q be z(o). Determine u(q).
-3
Let i(y) = 2 + 7 + y + 0 - 7. Let u be i(-1). Let q(l) = -6*l**3 + 2*l**2 - 2*l + 1. Give q(u).
-5
Let s(x) = -2*x - 7. Let k(y) = 7*y + 20. Let m = -25 + 42. Let w(v) = m*s(v) + 6*k(v). What is w(1)?
9
Let o = 10 + -7. Suppose 0 = -5*j, 2*m + m = -4*j + o. Let b(v) = -4*v - m + 1 - 1. What is b(1)?
-5
Let b be -6 - -9 - 0/(-3). Let q(k) = k**3 - 4*k**2 + 4*k - 4. Calculate q(b).
-1
Suppose -5*d = 5*h + 10, h - 4*d = 2*h + 2. Let b(k) = 5*k + 2. Give b(h).
-8
Let c be 8/(-2)*5/(-5). Let r(v) = -3*v - 95 + 94 + c*v**2 + 3*v. Determine r(1).
3
Let h(x) = -x - 3. Suppose -l - 4*u = 3, 3*l + 3*u = -14 - 4. What is h(l)?
4
Suppose -3*c - 2*r = -c + 6, 0 = -2*c + 2*r + 10. Let p(b) = c + 2*b + 0*b**3 + 2*b**2 - 1 - b**3. Calculate p(3).
-3
Let k be ((-2)/(-5))/(2/5). Suppose k + 2 = 3*w. Let t(b) = 2*b + 1. Determine t(w).
3
Let h(w) = w**3 + 5*w**2 - 4*w + 3. Suppose 5*d + 24 = -6. Calculate h(d).
-9
Let f(u) be the third derivative of u**5/30 + u**4/6 - u**3/2 - 2*u**2. Let c = 76 - 80. Give f(c).
13
Let t(a) = -2*a**2 - 3*a + 3. Suppose -6*b + 6 = -8*b. Determine t(b).
-6
Let n(w) be the second derivative of -w**4/12 - 5*w**3/6 + 9*w**2/2 + 16*w. What is n(-7)?
-5
Let z(h) = -5*h. Let v be (-1)/((4 + -7)/(-3)). What is z(v)?
5
Let m(y) be the first derivative of 3*y**2 + 7*y + y**2 - 3*y**2 - 2*y - 4. Let u(x) = x**2 + 3*x - 2. Let t be u(-2). What is m(t)?
-3
Let p(n) = -n + 3. Let v be 28/2*(-4)/8. Let f be 4/(-6)*3/(-1). Let u be (-1)/f - v/2. Calculate p(u).
0
Let l(b) = -12*b**3 + 2*b**2 + b - 4. Let h(n) = -12*n**3 + n**2 + n - 3. Let m(i) = -3*h(i) + 2*l(i). What is m(1)?
13
Let a(k) be the third derivative of 0 - 1/24*k**4 + 7*k**2 + 1/2*k**3 + 0*k. Give a(3).
0
Let y = 41/2 + -18. Let f(w) be the second derivative of 0 + 5/6*w**3 - w - 1/12*w**4 + y*w**2. What is f(5)?
5
Let z(g) = -g**2 - 7*g + 2. Let w(f) = -f**3 + 7*f**2 - 5. Let n be w(7). What is z(n)?
12
Let k(h) be the first derivative of h**6/360 - h**5/30 - h**4/4 + 2*h**3/3 - 5. Let u(z) be the third derivative of k(z). Give u(6).
6
Let d(o) be the third derivative of -o**8/6720 + o**7/504 + o**6/120 + o**5/30 - o**4/4 + o**2. Let n(l) be the second derivative of d(l). Give n(6).
4
Let w be ((-4)/8)/((-1)/(-4)). Let o(d) be the first derivative of -1 - 1/4*d**4 - 3/2*d**2 - 2*d - 2/3*d**3. Calculate o(w).
4
Let f(g) = g**3 - 4*g**2 - 3. Let t = 50 + -46. Determine f(t).
-3
Let s(l) = -l**2 - 3*l - 3. Suppose z = k - 3 - 0, 6 = 3*z + 2*k. Suppose z = -w - 3*a, 14 = 3*w + a + 6. Suppose 0 = m + w*m + 8. Give s(m).
-1
Let x(t) be the first derivative of t**2/2 - t - 1. Let p(c) = c + 4. Let r be p(-2). Let g = 2 - r. What is x(g)?
-1
Suppose 8*c = 9*c - 1. Let t(n) = 2*n**3 + n**2. Give t(c).
3
Let u = 21 - 22. Let k(s) = -4*s**3 - 2*s**2 - 2*s - 1. What is k(u)?
3
Let v(a) = -a**2 - 5*a - 6. Let k(s) = -s - 1. Let n(j) = 2*k(j) - v(j). Calculate n(-3).
4
Let f(g) be the first derivative of g**4/4 - 4*g**3/3 + g**2 + 3*g - 4. What is f(3)?
0
Suppose 0 = i + y + 7, -3*i + 4*y - y = 27. Let a(o) = -o. Give a(i).
8
Let u be (-2)/3 + (-20)/6. Let h(v) be the second derivative of -v**4/24 + v**3/2 + 3*v**2/2 - 9*v. Let d(m) be the first derivative of h(m). What is d(u)?
7
Let r(a) = 2*a - 3. Let c be r(0). Let q(b) be the first derivative of b**4/4 + 2*b**3/3 - b**2/2 + b - 5. What is q(c)?
-5
Let m be 87/(-58)*-6*1. Let s(n) = n**3 - 10*n**2 + 8*n + 13. Calculate s(m).
4
Suppose 2*v + v - 3 = 0. Let h = v - 6. Let i(w) = -2 + 6*w + 2 + w**2. Determine i(h).
-5
Let b(h) = -h**2 - 10*h - 12. Suppose 19*z + 45 = 14*z. Give b(z).
-3
Let w(y) = y - 7. Let j be w(8). Let x be (0 + j)*(-4 - -1). Let p(i) = -2*i. Determine p(x).
6
Let v = -1 - -2. Let r(b) be the first derivative of b**2/2 - 2*b + 53. Give r(v).
-1
Let b be ((-3)/(-2))/((-2)/(-4)). Let g(o) = -o**2 + o. Let s(v) = 3*v**2. Let t(l) = -4*g(l) - s(l). What is t(b)?
-3
Let v(t) = -1. Let m(o) = o**2 + o + 3. Let k(x) = 2*m(x) + 5*v(x). Determine k(-2).
5
Let t = 14 - 9. Suppose -t*i = 37 - 7. Let h(s) = -2*s - 2. Determine h(i).
10
Let o(x) = 3*x**3 + 17*x**2 + 8. Let f(w) = -4*w**3 - 25*w**2 - 12. Let v(t) = -5*f(t) - 7*o(t). Calculate v(6).
4
Let i(s) = 10*s**3 + 0 - s**2 + 1 + 12*s - 11*s. Calculate i(-1).
-11
Let d = -1 - -4. Let f(r) = 5 - d - 2 - r + 5. What is f(0)?
5
Let w(s) = -s**2 + 2*s + 3. Let y(h) = 3*h**2 - 5*h - 9. Let r(x) = 11*w(x) + 4*y(x). Determine r(3).
12
Suppose 7*w - 5 = 2*w. Let m(p) = 5*p - 1. Calculate m(w).
4
Let f be (-1 + -1)/((-1)/2). Let q(m) = -7*m**2 + 11*m + 8. Let u(y) = 13*y**2 - 21*y - 15. Let a(d) = 11*q(d) + 6*u(d). Calculate a(f).
-6
Suppose -s = 2*m + 47, 3*s + 13 = -4*m - 86. Let l be 12/m*(-21)/6. Let q(p) = 3*p**l - 2*p**2 - 2*p**2 - 2*p + p + 1. Calculate q(0).
1
Let z(w) = -w**3 + 5*w**2 + w + 3. Suppose f - 3*d = -4, -3*d - 2*d + 69 = 4*f. Let g = f + -6. Calculate z(g).
8
Let h(f) = f**3 + 1. Let l(o) = -6*o**2 - 6*o - 1. Let d(a) = h(a) - l(a). Give d(-5).
-3
Let a(r) = r - 2. Let z be a(6). Suppose -x + 4 - 3 = 4*i, z*x + 11 = -i. Let g(l) = -i - 1 + 4 + l - 3. Calculate g(-2).
-3
Let t(b) be the third derivative of 1/24*b**4 - 2*b**2 + 0 - 1/2*b**3 + 0*b. Calculate t(0).
-3
Let r(d) = 3*d**2 + 3*d + 1. Let l(o) = o**2 + 4*o - 7. Let t be (1 - 3) + (-8)/(-2). Suppose 3*s = -4*i - 2*s - 30, s - 8 = t*i. Let a be l(i). Calculate r(a).
7
Let 